 of 269136906?
2
What is the units digit of 1413651518?
8
What is the hundred thousands digit of 20224210?
2
What is the units digit of 256189154?
4
What is the ten millions digit of 27793113?
2
What is the hundreds digit of 26362036?
0
What is the thousands digit of 119040960?
0
What is the ten thousands digit of 645440105?
4
What is the ten millions digit of 28820944?
2
What is the thousands digit of 9685690543?
0
What is the hundreds digit of 78594430?
4
What is the millions digit of 1147996835?
7
What is the thousands digit of 161782837?
2
What is the tens digit of 1832757062?
6
What is the hundreds digit of 374567070?
0
What is the tens digit of 407282378?
7
What is the units digit of 9095547?
7
What is the millions digit of 51673470?
1
What is the thousands digit of 355933260?
3
What is the thousands digit of 162206279?
6
What is the ten thousands digit of 68312474?
1
What is the tens digit of 4601004322?
2
What is the ten millions digit of 129931990?
2
What is the hundred thousands digit of 27171565?
1
What is the thousands digit of 764192780?
2
What is the thousands digit of 31191521?
1
What is the units digit of 516117034?
4
What is the hundreds digit of 247921925?
9
What is the tens digit of 1562348489?
8
What is the units digit of 108910671?
1
What is the millions digit of 81380360?
1
What is the hundreds digit of 65911652?
6
What is the millions digit of 1038082918?
8
What is the hundred thousands digit of 293097745?
0
What is the units digit of 429788390?
0
What is the ten thousands digit of 49124850?
2
What is the ten millions digit of 5663668862?
6
What is the ten millions digit of 3470163642?
7
What is the hundred millions digit of 1596135715?
5
What is the ten millions digit of 364980141?
6
What is the hundred thousands digit of 17165658?
1
What is the ten thousands digit of 337260318?
6
What is the thousands digit of 37365753?
5
What is the hundreds digit of 30989734?
7
What is the thousands digit of 100888417?
8
What is the hundreds digit of 40727627?
6
What is the hundred millions digit of 6933413914?
9
What is the thousands digit of 20670341?
0
What is the ten thousands digit of 78494103?
9
What is the millions digit of 397336795?
7
What is the hundred millions digit of 7322170725?
3
What is the hundred millions digit of 151872670?
1
What is the billions digit of 5218008115?
5
What is the hundreds digit of 83482196?
1
What is the hundreds digit of 188563830?
8
What is the tens digit of 187778991?
9
What is the ten thousands digit of 41063808?
6
What is the ten millions digit of 238047842?
3
What is the tens digit of 76693322?
2
What is the millions digit of 2100938991?
0
What is the ten millions digit of 927365112?
2
What is the ten millions digit of 353041292?
5
What is the hundreds digit of 2872003341?
3
What is the ten thousands digit of 58672537?
7
What is the tens digit of 2031124980?
8
What is the hundred thousands digit of 23241948?
2
What is the thousands digit of 697681867?
1
What is the ten thousands digit of 1260691057?
9
What is the ten thousands digit of 355735365?
3
What is the ten millions digit of 19558011?
1
What is the thousands digit of 60073510?
3
What is the units digit of 345829305?
5
What is the hundred thousands digit of 75254907?
2
What is the ten thousands digit of 279703618?
0
What is the millions digit of 76510383?
6
What is the hundred thousands digit of 839879329?
8
What is the thousands digit of 260382553?
2
What is the hundreds digit of 83252994?
9
What is the ten millions digit of 42477299?
4
What is the ten thousands digit of 2687509458?
0
What is the hundreds digit of 524007992?
9
What is the units digit of 5383797?
7
What is the units digit of 4153457172?
2
What is the ten millions digit of 1023648430?
2
What is the hundreds digit of 464991717?
7
What is the ten thousands digit of 106934593?
3
What is the hundred thousands digit of 18120591?
1
What is the ten millions digit of 560441181?
6
What is the tens digit of 36842213?
1
What is the hundred thousands digit of 444096420?
0
What is the millions digit of 248256126?
8
What is the thousands digit of 3544985160?
5
What is the units digit of 1638080673?
3
What is the ten thousands digit of 15679497?
7
What is the units digit of 33495937?
7
What is the ten thousands digit of 173569063?
6
What is the millions digit of 1015638398?
5
What is the units digit of 1263541859?
9
What is the hundreds digit of 3249942392?
3
What is the billions digit of 1325915722?
1
What is the hundreds digit of 310482996?
9
What is the hundred thousands digit of 614729993?
7
What is the ten thousands digit of 2083322376?
2
What is the thousands digit of 1173680898?
0
What is the hundred millions digit of 126371095?
1
What is the ten thousands digit of 1541521468?
2
What is the ten millions digit of 994488886?
9
What is the ten thousands digit of 49995779?
9
What is the ten millions digit of 53092821?
5
What is the hundred millions digit of 376597859?
3
What is the tens digit of 23161388?
8
What is the tens digit of 10393581?
8
What is the thousands digit of 143997230?
7
What is the millions digit of 94038081?
4
What is the ten thousands digit of 361826479?
2
What is the hundred millions digit of 186287181?
1
What is the ten millions digit of 52564267?
5
What is the tens digit of 959859475?
7
What is the hundreds digit of 30379286?
2
What is the thousands digit of 91368141?
8
What is the thousands digit of 548266520?
6
What is the thousands digit of 114139188?
9
What is the ten thousands digit of 738531294?
3
What is the thousands digit of 245577896?
7
What is the hundreds digit of 1762921734?
7
What is the hundred millions digit of 853700137?
8
What is the hundreds digit of 335023910?
9
What is the hundreds digit of 23951083?
0
What is the ten millions digit of 255431239?
5
What is the units digit of 54658198?
8
What is the billions digit of 3477185422?
3
What is the millions digit of 181137090?
1
What is the millions digit of 115257079?
5
What is the millions digit of 34804199?
4
What is the hundred thousands digit of 1767098406?
0
What is the tens digit of 733092835?
3
What is the hundreds digit of 49201992?
9
What is the tens digit of 85937569?
6
What is the ten millions digit of 329921108?
2
What is the tens digit of 83058521?
2
What is the ten thousands digit of 94370979?
7
What is the tens digit of 192816254?
5
What is the thousands digit of 121898593?
8
What is the hundred thousands digit of 1512458805?
4
What is the units digit of 306443534?
4
What is the tens digit of 280954121?
2
What is the hundreds digit of 102377464?
4
What is the units digit of 2843079?
9
What is the ten thousands digit of 81830535?
3
What is the hundreds digit of 150168481?
4
What is the ten millions digit of 2891655998?
9
What is the hundreds digit of 819347018?
0
What is the hundred thousands digit of 137935118?
9
What is the units digit of 7896071233?
3
What is the tens digit of 1056029787?
8
What is the units digit of 45740532?
2
What is the tens digit of 715768273?
7
What is the thousands digit of 1334295021?
5
What is the millions digit of 39949488?
9
What is the hundred thousands digit of 3479802940?
8
What is the hundreds digit of 803740899?
8
What is the hundred thousands digit of 8230336280?
3
What is the hundred thousands digit of 9206128?
2
What is the units digit of 12006390?
0
What is the thousands digit of 1138211696?
1
What is the hundred thousands digit of 33649852?
6
What is the hundreds digit of 263555881?
8
What is the tens digit of 921589686?
8
What is the hundreds digit of 61041889?
8
What is the units digit of 858139754?
4
What is the hundred millions digit of 680150561?
6
What is the hundred millions digit of 3496532492?
4
What is the billions digit of 2701452811?
2
What is the ten millions digit of 115970036?
1
What is the tens digit of 66608906?
0
What is the ten thousands digit of 5973708318?
0
What is the tens digit of 99314613?
1
What is the tens digit of 1494530241?
4
What is the units digit of 348147815?
5
What is the hundred millions digit of 437574107?
4
What is the tens digit of 227897934?
3
What is the thousands digit of 262111198?
1
What is the units digit of 674313?
3
What is the ten millions digit of 1175353049?
7
What is the units digit of